25*z. Let r be y(12). Calculate the highest common factor of r and 24.
24
Let u(r) = r + 3. Let d = -31 - -32. Let h be u(d). Suppose -44 = -5*j - h*t + 35, -4*j + 64 = 4*t. What is the highest common divisor of j and 150?
15
Let m(k) = -k**3 - 7*k**2 + 3*k + 35. Let y be m(-7). Suppose -3*t - u + y = 0, 4*u = t + 1 + 3. What is the greatest common factor of 412 and t?
4
Let a(y) = -36*y - 182. Let n(r) = -r + 2. Let p(c) = -a(c) + 5*n(c). Let h be p(-6). Calculate the highest common divisor of h and 24.
6
Suppose -5*a + 10*a - 980 = 0. Suppose -61*f = -3119 + 130. What is the greatest common divisor of a and f?
49
Suppose 5*y - 163*u - 31577 = -162*u, 4*y = -2*u + 25242. Calculate the greatest common factor of y and 231.
77
Let s = -8734 + 10134. What is the highest common divisor of 168 and s?
56
Suppose -83*i + 5313 = 3*x - 80*i, -2*x = -i - 3521. What is the highest common divisor of x and 72?
36
Let w(y) = y + 4. Let j be w(8). Suppose 0 = 3*q - 3*v - 189, -2*q + 4*q - 3*v = 123. What is the greatest common factor of q and j?
6
Suppose -30*f = -3088 - 16562. Let m = -611 + f. Calculate the highest common factor of 1628 and m.
44
Suppose -35*k + 115 = -31*k + 5*r, -k + 16 = -3*r. Let z be ((-640)/k)/((-10)/325). What is the greatest common divisor of z and 13?
13
Let y(m) = -m**3 + 19*m**2 - 62*m + 75. Let c be y(11). Calculate the highest common factor of c and 247.
19
Let m be 88/(-110) - (9336/(-20) + -4). Calculate the highest common divisor of m and 6.
2
Let u = 11067 + -10801. Calculate the highest common divisor of u and 203.
7
Suppose -14*a - 3340 = -18*a - 4*g, 0 = a + 2*g - 833. Calculate the greatest common divisor of a and 81.
27
Suppose 0 = l + 2*b + 1, 4*l + 15*b = 10*b + 14. Suppose -u = -6*u + 55. Calculate the greatest common factor of l and u.
11
Let t be 1/(3 + -4)*2 - -12. Suppose t*v = 9*v + 8. Calculate the greatest common factor of 88 and v.
8
Suppose -497*p + 552222 + 792450 = -401*p. What is the highest common divisor of p and 58?
29
Let m(f) = 600*f**2 + 17*f + 17. Let i be m(-1). Suppose i = n + 7*n. Calculate the highest common factor of 45 and n.
15
Let w(o) = 532*o**2 + 175*o + 1104. Let k be w(-6). What is the highest common divisor of 66 and k?
66
Let c be (0 - (1 - 1)) + 60 + -56. Suppose n = c*n - 3. Let q be ((-672)/(-60))/(n/10). Calculate the highest common factor of 16 and q.
16
Let v(p) = p**3 + 11*p**2 - 5*p + 14. Let u be v(-8). Let f be (-24)/18*u/(-4). What is the greatest common divisor of f and 205?
41
Suppose 12743 = 32*l + 11111. What is the highest common factor of l and 4097?
17
Suppose 19*x + 1977 = 21*x - 3*b, -b = -4*x + 3959. What is the highest common divisor of x and 110?
110
Suppose 0 = -27*j + 26*j + 186. Suppose 50 + 4 = 3*y. Calculate the highest common divisor of y and j.
6
Let t = -11140 - -11504. Let b = -138 + 294. What is the highest common factor of t and b?
52
Suppose 5*t = d + 92, -290*t + 292*t + 4*d - 28 = 0. Calculate the greatest common divisor of 30 and t.
6
Let t(g) = 3*g**2 - 81*g + 504. Let s be t(6). What is the greatest common factor of 2394 and s?
126
Let v = 3263 + -3233. What is the greatest common divisor of v and 150?
30
Let w be 6*(-5 - 24)/(-58). Let l be 8*((-2)/4)/(-1). Suppose 5*i - 64 = -l*b, -4*i - 2*b - b + 51 = 0. What is the highest common factor of i and w?
3
Let v(c) = -2*c**2 - 2*c + 255. Let k be v(-9). What is the greatest common factor of k and 48?
3
Suppose -2*o + 6*o = 5*x + 29, -25 = -4*o + x. Let z = 13 - -7. Suppose -5*r = -70 - z. What is the highest common divisor of o and r?
6
Let l be 2/7 + 488/7. Suppose 225 = -7*h + 190. Let w be (-25)/h + 15/(-2 + 3). Calculate the greatest common divisor of w and l.
10
Let m(y) = -y**2 + 74*y - 875. Let v be m(21). What is the highest common divisor of v and 1246?
14
Let r = 294 + -209. Let a be 36*12/16 - 22. What is the highest common factor of a and r?
5
Let q(l) = -l**3 - 22*l**2 - 43*l + 12. Let c be q(-17). Let g = -684 - c. Calculate the highest common divisor of g and 99.
9
Let f be -4 + (2 - 0/2). Let s be ((-22)/4 + 6)*(f - -70). Calculate the greatest common factor of 34 and s.
34
Suppose -3*i + 5*g - 15 = 0, 0*g = 3*g - 9. Suppose i = 7*c - 20*c + 390. Calculate the greatest common factor of c and 150.
30
Let z be ((-165)/(-6) - 8)/((-6)/(-8)). Calculate the greatest common divisor of z and 949.
13
Let n be -5 + ((-56)/84)/(8/(-96)). Let p = 34 - 12. Suppose 2*k + p - 95 = -3*r, 4*r - k - 112 = 0. Calculate the highest common factor of n and r.
3
Suppose 23*k - 22*k + 7 = 5*j, 0 = 4*k - 12. Suppose 3*g + 8*c = 11*c + 2217, 1486 = 2*g + j*c. Calculate the greatest common divisor of 39 and g.
39
Suppose -136*s - 41*s + 578140 = 34*s. Calculate the highest common factor of 40 and s.
20
Suppose -34 + 62 = 4*q. Suppose -3*h + 0*h = 36. Let v = h - -75. Calculate the greatest common factor of q and v.
7
Suppose 13 = -4*a + 1, 177 = -2*l - 3*a. Let t = 134 + l. Calculate the highest common divisor of t and 25.
25
Let y be ((-5)/(-4) + (-2)/8)*6. Suppose 68 + 28 = y*r. Let z = 16 + -4. What is the highest common factor of r and z?
4
Suppose -3*z - 2*z + 584 = x, -2*x = z - 115. Suppose 2*w = 5*d - 59, -w + 2*d + d - 30 = 0. Let h = w + 105. What is the greatest common factor of h and z?
39
Let y be (-3 - 114/(-18))*(7 + -1). What is the greatest common divisor of y and 12100?
20
Let z(m) = -m**3 - 31*m**2 - 30*m + 4. Let r be z(-30). Suppose -w + 5 - 7 = 0, -r*w = f + 3. What is the greatest common factor of 5 and f?
5
Let t(m) be the second derivative of -m**3/6 + 13*m**2 + 88*m. Let b be t(-7). What is the greatest common divisor of 176 and b?
11
Let y be (2/(-6))/(2/(-6) + 0). Let l be 2 - 0 - (0 - 1)/y. Suppose -2*a + 25 - l = 0. What is the greatest common divisor of a and 22?
11
Let l be ((-2540)/635)/(2/(-52) + (0 - 0)). Calculate the greatest common divisor of l and 120.
8
Suppose -5*j + j - 5*r - 2169 = 0, -2724 = 5*j + 2*r. Let p = 324 - 708. Let z = p - j. What is the greatest common factor of 18 and z?
18
Suppose -2*f + 6 = -3*q, -8 = 5*f + 5*q - q. Suppose 2*k + f = 36. Suppose k*b = 12*b + 132. What is the highest common factor of b and 110?
22
Let m be 1 - (390/13)/(-15). What is the highest common factor of m and 543?
3
Suppose 4652 = -25*r + 502. Let m = 174 + r. Calculate the greatest common divisor of m and 148.
4
Let c be (-30)/(-150) + (-296)/(-20). Calculate the greatest common divisor of c and 111.
3
Let v(i) = 3*i**2 + 96*i - 32. Let m be v(24). What is the greatest common factor of m and 32?
32
Let h = 8336 - 8266. What is the greatest common factor of h and 13790?
70
Let q be 65/(-2)*(-54)/9. Suppose 22*s = 27*s - q. Suppose 42 = r - s. What is the highest common divisor of r and 27?
27
Suppose -3*g + 6981 = -5*o, 75*o = -5*g + 73*o + 11604. Calculate the greatest common factor of g and 81.
27
Let v(z) = 4*z**2 + 173*z - 100. Let h be v(-46). What is the highest common divisor of 464 and h?
58
Suppose 1936 = 3*h - v - 3*v, 0 = 5*h - 4*v - 3240. Suppose 1068 + h = 5*q. Suppose 71 = 3*x - 58. Calculate the greatest common divisor of x and q.
43
Suppose 98*n - 4634 - 51226 = 0. What is the greatest common divisor of n and 1330?
190
Let p(n) = 22*n - 16. Let o be p(3). Suppose 0 = 4*j - 106 - o. Calculate the highest common factor of 3 and j.
3
Suppose 2*x + 0*x - 1380 = 0. Let r be 36 - 4/8*-18*(-32)/48. Calculate the greatest common divisor of x and r.
30
Let w(d) = 2*d**2 + 388*d + 2685. Let f be w(-7). What is the highest common factor of f and 8375?
67
Let h be 42/(-56) - 39978/(-24). What is the greatest common factor of 444 and h?
111
Suppose 118 = -13*g - 142. Let m be (-48)/(-15)*(g*1)/(-4). What is the greatest common factor of 144 and m?
16
Let b = 453 - 452. Suppose -5*t + 2*t + 6 = 0. Let p be (16/10)/(t/5). What is the greatest common factor of b and p?
1
Suppose 6483 = -122*s + 21123. What is the greatest common divisor of 10920 and s?
120
Suppose 4*c = 7*c + 1 - 25. Calculate the highest common divisor of 1512 and c.
8
Let a be (-3278)/(-21) + -2 + (-74)/777. What is the highest common factor of a and 3278?
22
Let u(d) = -2*d**2 - 42*d + 4. Let j be u(-21). Suppose j*p + 2*g - 298 = -0*g, -4*g = p - 92. What is the greatest common factor of 360 and p?